f l?
9
Let s(n) be the third derivative of n**5/60 - 13*n**4/24 - 9*n**3/2 - 8*n**2. Let j be s(15). What is the tens digit of 57/(4/(7 - j))?
5
What is the units digit of (21268 - -20)/((0 + 3)*(-2)/(-9))?
2
Let h(u) = 37*u**2 - 8*u + 153. What is the hundreds digit of h(12)?
3
Suppose -3*p + 2*p = 4*v - 21, 5*v = 4*p. Suppose -v*q + 27 = -d - 7, d + 2 = 0. Suppose y - 4*f = 105, y - q*f = -6*f + 105. What is the units digit of y?
5
Let t = 28 - -20. Let k = -40 + t. Suppose 0 = 5*z + 5*v - 1250, k*v + 973 = 4*z + 3*v. What is the hundreds digit of z?
2
Let o(c) = -5*c**2 - 12*c + 2. Let z be o(8). Let q = 290 + z. Let k = q + 183. What is the tens digit of k?
5
Let q = 101 - 171. Let l be q*1*(24/20)/(-3). What is the units digit of (l/10)/((-27)/(-2160))?
4
Suppose -5*a - 46*a = 0. Let s be 1038/4 + 1/(-2). Suppose a = -3*k + 2*g + s, 4*k = 3*k + g + 86. What is the units digit of k?
7
Let o(u) = 319*u**2 - 12*u - 24. What is the thousands digit of o(-2)?
1
Let j = 159 - -53. Let c = -121 + j. What is the units digit of c?
1
Let u(j) = -j**3 - 14*j**2 - 14*j + 26. Let g = 136 - 150. What is the tens digit of u(g)?
2
Suppose 5*k + 3*i + 15 = 0, 2*k + 2*i = 3*k - 10. Suppose k = -8*b + 3*b + 50. What is the hundreds digit of (-6)/4 - (-1315)/b?
1
Let q be 2730/24 - (-6)/(-8). Suppose q*n - 112*n = 153. What is the tens digit of n?
5
Suppose -8*b + 1170 = -6*b. Suppose 38*c + b = 37*c. What is the units digit of 1/(-2) + c/(-18)?
2
Suppose j + s = 12, -2 + 10 = 4*s. Suppose k - 5*y = 20, y - j = -3*k + 2. Suppose -477 = -5*i - 2*w, -213 = -k*i - w + 263. What is the tens digit of i?
9
Let f(q) = q**2 + 5. Let b be f(0). Suppose -b*u + 0*l + 2*l - 796 = 0, -3*l = -4*u - 641. Let i = u - -237. What is the units digit of i?
9
Let u(j) be the second derivative of 17*j**3/6 - 19*j**2 + 2*j. Let v = 521 - 513. What is the tens digit of u(v)?
9
Let j(s) = -5*s**2 + 39*s + 10. Let v be j(8). Let r(l) = 19*l + 13. Let n be r(7). Suppose v*k - 3*k = -n. What is the units digit of k?
6
Suppose -12*u + 17*u + 3*n - 16874 = 0, 5*u = -n + 16868. What is the units digit of u?
3
What is the hundreds digit of -2 + 12 + -6 - -907*23?
8
Let r = 8 - 8. Let k = -16 + 20. What is the tens digit of (-4)/24*k*(-144 - r)?
9
Suppose -20 = 5*t, t - 7 - 1 = -3*p. What is the hundreds digit of p/(-10) + 2554/10 + 4?
2
Suppose 60 = -2*w + 8*w. Suppose -w*q = -15*q + 620. What is the units digit of q?
4
Let n be 156/36 + -2*3/(-9). Suppose 0 = 3*w + n*s - 89 - 170, 2*w - 206 = 5*s. What is the tens digit of w?
9
What is the ten thousands digit of (-101)/2*64604/(-62)?
5
Suppose q - 5*r + 1208 = 0, 5*q + 3*r - 1923 = -7991. Let k = q + 2339. What is the thousands digit of k?
1
Suppose -45*c + 69*c - 744 = 0. Let l(s) = s**2 - 25*s - 134. What is the units digit of l(c)?
2
Suppose 4*p = -16, -67*v + 66*v + 51710 = 14*p. What is the tens digit of v?
6
Suppose -4*x + 667*c - 664*c = -98908, 0 = -c - 4. What is the thousands digit of x?
4
Suppose 0 = 21*u - 18*u + 3*i - 90, -i + 154 = 5*u. Suppose 14*m + 7344 = u*m. What is the tens digit of m?
3
Let g(u) = -u**2 + 1. Let c(m) = -m**2 - 9*m - 25. Let k(x) = -c(x) + 2*g(x). What is the units digit of k(11)?
5
Suppose 22*t = 17*t + 120. Suppose -t*z + 34 + 3662 = 0. What is the tens digit of z?
5
Suppose 19*u - 7*u - 21*u + 220860 = 0. What is the hundreds digit of u?
5
Let d(b) = 22*b**3 + b**2 - 7*b - 9. Let w(j) = 20*j**3 - 7*j - 8. Let m(v) = -2*d(v) + 3*w(v). What is the tens digit of m(4)?
5
Let x be (-14256)/(-40)*(-6 + 1). What is the hundreds digit of 1 + x/(-2 + -4)?
2
What is the thousands digit of 84/(-224) + 1/(24/947289)?
9
Let f be (-6)/15 - (-189)/35. Suppose 3*h + 5*g = 5*h - 716, -3*g - 1828 = -f*h. What is the tens digit of h?
6
Let b(g) = 78*g + 242. Let n be b(16). Suppose j = 5, 4*j - n = -23*f + 20*f. What is the hundreds digit of f?
4
Suppose -10*c - p - 38710 = -14*c, 2*p + 19352 = 2*c. What is the tens digit of c?
7
Suppose 159 = -p - 115. Let l = p + 117. Let b = -73 - l. What is the tens digit of b?
8
Let h(q) = 20*q + 57. Let m(d) = -2*d**2 + 17*d - 1. Let p be m(8). What is the units digit of h(p)?
7
Let i = 123 - 123. Suppose i*r - 336 = -4*r. Let y = r + 81. What is the hundreds digit of y?
1
Suppose 0 = 5*v + 3*b - 2*b - 319, 2*b + 258 = 4*v. Let r be 2/(-16) + 776/v. What is the tens digit of (-136)/r*36/(-8)?
5
Let o(w) = -50*w + 12805. What is the hundreds digit of o(-165)?
0
Let u(n) = -n**3 + 43*n**2 - n - 206. What is the units digit of u(37)?
1
Suppose w - 1 + 2 = l, -5*w + 2*l = -10. Suppose 3*p + 2*v - 196 = 0, 5*v = w*p - 3*p - 54. What is the units digit of p?
4
Let g = -42040 + 60574. What is the ten thousands digit of g?
1
Let q(g) = 129*g**3 - 2*g**2 + 1. Let x be q(-1). Let n be 4*5/x + (-314)/(-13). Let z = 165 - n. What is the units digit of z?
1
Let l(m) be the second derivative of m**7/35 - m**5/120 + m**4/24 + 5*m**3/2 + 15*m. Let o(h) be the second derivative of l(h). What is the tens digit of o(1)?
2
Let w = -34867 - -55731. What is the units digit of w?
4
Suppose 4*z + 0 = 4. Let x be 0 + 0 - (-6 + 3)/z. Suppose 0 = -2*n + x*n - 48. What is the units digit of n?
8
Let q be 5 - (-7)/(28/(-12)). Suppose -t - 403 = -q*z, 0*t - 3*t = -3. Suppose 2*g + 80 = z. What is the units digit of g?
1
Let d(p) = -28*p**3 + p**2 + 4*p - 15. Suppose 5*n - 19 - 3 = 3*j, -5*n + 26 = -4*j. What is the tens digit of d(j)?
7
Suppose -3*n - 476 = n. Let y = 384 + n. Suppose 0 = -3*k + 2*a + 359, 5*k + 5*a = y + 325. What is the units digit of k?
9
Let i(n) = 4*n**2 + 65*n - 6 - 3 + 29 - 10. What is the units digit of i(-20)?
0
Suppose 46*v + 8096164 = 290*v. What is the ten thousands digit of v?
3
Let w = -6080 + 12402. Suppose 0*l + 2*f = -4*l + w, 4*l = 3*f + 6307. What is the tens digit of l?
7
Suppose -1765953 = -193*c - 816659 + 1604868. What is the thousands digit of c?
3
Suppose 2*t - 5*k - 1354 = 0, -4*k = -t - 0*k + 674. What is the hundreds digit of 1 + t + 8 + 0 + -9?
6
Suppose -2 = -y, 26495 = 4*h - 3*y - 33679. Suppose 18*o - h = -4119. What is the hundreds digit of o?
6
Let g(z) = 81*z**2 + 25*z + 413. What is the units digit of g(-9)?
9
Suppose -2*u = -0*u - 5*v + 5, 23 = -4*u - 3*v. Let f(h) = -h**3 - 4*h**2 + 2*h - 8. Let l be f(u). Suppose l*g - 619 = 298. What is the tens digit of g?
3
Let u = -1 + 4. Suppose 13*k - 4*k - 2142 = 0. Suppose 166 = 2*b - m, 0*b + u*b = -4*m + k. What is the tens digit of b?
8
Let c = 35 + -38. Let a be 1215/30*(-2)/c. Suppose a + 42 = p. What is the tens digit of p?
6
Let i(d) = 5*d**3 - 12*d**2 + 24*d + 4. Let k be i(8). Let a = -853 + k. What is the tens digit of a?
3
Suppose 4*f + 29*q - 32*q = 49, -3*q = 4*f - 79. Let n = 1 - -1. Suppose y = 5*u - 40, -n*u - 4*y + f = -0*u. What is the units digit of u?
8
Let n(b) = -b**3 + 11*b**2 - 20*b + 24. Let h be n(9). Let x be 3/2*h*(-11 + 12). Let g(w) = 29*w - 9. What is the tens digit of g(x)?
5
Let o(f) = -25*f + 19. Let b be o(-3). Let p = b - -347. Suppose 0 = 2*m, -m + p = 3*g + 2*m. What is the tens digit of g?
4
Suppose 0 = 2*q + 3*o + 47, -4*q + 5*q + 4*o + 26 = 0. Let u = q - -30. Let f = u - -8. What is the units digit of f?
6
Suppose 373*j = 58*j + 859950. What is the tens digit of j?
3
Let u = 418 + -297. Suppose -u*x + 103*x + 21168 = 0. What is the hundreds digit of x?
1
Let i(o) = -6*o + 15. Let y(u) = 6*u - 16. Let n(k) = -3*i(k) - 2*y(k). What is the units digit of n(3)?
5
Let r(h) = 6*h**2 + 6*h + 23. Let b be ((-12)/(-10))/(90/(-600)). Let k be r(b). Let c = k + -236. What is the units digit of c?
3
Let x(v) = v**2 - 7*v - 1. Let c be x(9). Let u(m) = 4 + 9*m + 2*m**3 + 0 + 1 + 0*m**3 + c*m**2. What is the units digit of u(-7)?
9
Suppose -v - 4*v + 189176 = 8*v. What is the thousands digit of v?
4
Let o = 71 - 73. Let p(g) = -2*g**2 - 5*g - 1. Let b be p(o). What is the units digit of -28*(-3 + (0 - (0 + b)))?
2
Let t(h) = 507*h**2 - 112*h - 818. What is the ten thousands digit of t(-6)?
1
What is the tens digit of (1/2)/((803/189948)/73)*5?
7
Suppose 12232 = 5*a - 4*h - 24451, -a = -2*h - 7333. What is the thousands digit of a?
7
Let b(y) = 9 + 3*y + 7*y + 19*y**2 + y**3 - 2*y**3 - 29. Let q be b(19). Suppose -m + 6*m + 5*a = q, -3*m = -3*a - 132. What is the units digit of m?
